{"id":2258,"date":"2023-04-06T14:08:08","date_gmt":"2023-04-06T12:08:08","guid":{"rendered":"http:\/\/www.planetariasrl.it\/?page_id=2258"},"modified":"2025-02-20T14:45:23","modified_gmt":"2025-02-20T13:45:23","slug":"mission","status":"publish","type":"page","link":"https:\/\/www.planetariasrl.it\/eng\/lazienda\/mission\/","title":{"rendered":"Mission"},"content":{"rendered":"<div class=\"wpb-content-wrapper\"><section class=\"vc_row wpb_row vc_row-fluid vc-zozo-section typo-default\"><div class=\"zozo-vc-main-row-inner vc-normal-section\"><div class=\"container\"><div class=\"row\"><div class=\"wpb_column vc_main_column vc_column_container vc_col-sm-12 vc_col-lg-6 vc_col-md-6 typo-default\"><div class=\"vc_column-inner\"><div class=\"wpb_wrapper\"><div class=\"zozo-parallax-header margin-bottom-0\"><div class=\"parallax-header content-style-default\"><h2 class=\"parallax-title text-left\">Planetaria s.r.l.<\/h2><div class=\"parallax-desc default-style text-left\"><p>We start from the scientific assumption that the Ecosystem is a community in which organisms live in balance with their environment. The system, therefore, is by its nature perfect and working in the ecology field, therefore, implies the necessity to not make mistakes.<\/p>\n<p>We professionals at Planetaria propose a balanced and sustainable approach to ecological services, always respecting the environment; from the private to public sector, from small business to large industry.<\/p>\n<p>We look towards the future, keeping in mind three key-words which represent the pillars of our work ethic and contain the philosophy of the company itself: research, recovery and perfection. Raising everyone's awareness about the ecosystem needs and the search for perfection through recovery, are the objectives that Planetaria pursues on a daily basis.<\/p>\n<p>We constantly develop specific skills, research new technologies and provide with the best available equipment to a qualified team. We aim to respect the regulations, the environment and also the market, in order to build a solid foundation upon we develop a system for disseminating ecological knowledge.<\/p>\n<p>Over the years, awareness campaigns, sponsored events, catalogues, exhibitions, and various informative material have made Planetaria a recognizable, trusted and esteemed brand by all friends of the environment.<\/p>\n<\/div><\/div><\/div><div class=\"vc_row wpb_row vc_inner vc_row-fluid\"><div class=\"zozo-vc-row-inner vc-inner-row-section clearfix\"><div class=\"wpb_column vc_column_inner vc_column_container vc_col-sm-7 typo-default\"><div class=\"vc_column-inner\"><div class=\"wpb_wrapper\">\n\t<div class=\"wpb_text_column wpb_content_element\" >\n\t\t<div class=\"wpb_wrapper\">\n\t\t\t<nav id=\"bellows-main-51\" class=\"bellows bellows-nojs bellows-main bellows-source-menu bellows-align-full bellows-skin-vanilla bellows-type-\"><ul id=\"menu-mission-menu\" class=\"bellows-nav\" data-bellows-config=\"main\"><li id=\"menu-item-2589\" class=\"bellows-menu-item bellows-menu-item-type-custom bellows-menu-item-object-custom bellows-menu-item-has-children bellows-menu-item-2589 bellows-item-level-0\"><a  href=\"#\" class=\"bellows-target\"><span class=\"bellows-target-title bellows-target-text\"><span style=\"color:#009FE3; font-size: 16px\">\u00bb Environmental Sustainability<\/span><\/span><button class=\"bellows-subtoggle\" aria-label=\"Toggle Submenu\"><i class=\"bellows-subtoggle-icon-expand fa fa-chevron-down\"><\/i><i class=\"bellows-subtoggle-icon-collapse fa fa-chevron-up\"><\/i><\/button><\/a>\n<ul class=\"bellows-submenu\">\n\t<li id=\"menu-item-2852\" class=\"bellows-menu-item bellows-menu-item-type-custom bellows-menu-item-object-custom bellows-menu-item-2852 bellows-item-level-1\"><a  target=\"_blank\" href=\"https:\/\/www.planetariasrl.it\/wp-content\/uploads\/2026\/02\/Greenenergy-Bilancio-di-Sostenibilita-2024.pdf\" class=\"bellows-target\"><span class=\"bellows-target-title bellows-target-text\"><span style=\"color:#009FE3; font-size: 16px\">\u00bb Bilancio di Sostenibilit\u00e0 &#8211; 2024<\/span><\/span><\/a><\/li>\n\t<li id=\"menu-item-2841\" class=\"bellows-menu-item bellows-menu-item-type-custom bellows-menu-item-object-custom bellows-menu-item-2841 bellows-item-level-1\"><a  target=\"_blank\" href=\"https:\/\/www.planetariasrl.it\/wp-content\/uploads\/2025\/02\/Greenenergy-Bilancio-di-Sostenibilita-2023.pdf\" class=\"bellows-target\"><span class=\"bellows-target-title bellows-target-text\"><span style=\"color:#009FE3; font-size: 16px\">\u00bb Bilancio di Sostenibilit\u00e0 &#8211; 2023<\/span><\/span><\/a><\/li>\n\t<li id=\"menu-item-2591\" class=\"bellows-menu-item bellows-menu-item-type-custom bellows-menu-item-object-custom bellows-menu-item-2591 bellows-item-level-1\"><a  target=\"_blank\" href=\"https:\/\/www.planetariasrl.it\/wp-content\/uploads\/2023\/12\/Greenenergy-Bilancio-di-Sostenibilita-2022.pdf\" class=\"bellows-target\"><span class=\"bellows-target-title bellows-target-text\"><span style=\"color:#009FE3; font-size: 16px\">\u00bb Bilancio di Sostenibilit\u00e0 &#8211; 2022<\/span><\/span><\/a><\/li>\n\t<li id=\"menu-item-2590\" class=\"bellows-menu-item bellows-menu-item-type-custom bellows-menu-item-object-custom bellows-menu-item-2590 bellows-item-level-1\"><a  target=\"_blank\" href=\"https:\/\/www.planetariasrl.it\/wp-content\/uploads\/2023\/11\/Greenenergy-Report-di-Sostenibilita-2021.pdf\" class=\"bellows-target\"><span class=\"bellows-target-title bellows-target-text\"><span style=\"color:#009FE3; font-size: 16px\">\u00bb Report di Sostenibilit\u00e0 &#8211; 2021<\/span><\/span><\/a><\/li>\n<\/ul>\n<\/li>\n<li id=\"menu-item-2854\" class=\"bellows-menu-item bellows-menu-item-type-custom bellows-menu-item-object-custom bellows-menu-item-has-children bellows-menu-item-2854 bellows-item-level-0\"><a  href=\"#\" class=\"bellows-target\"><span class=\"bellows-target-title bellows-target-text\"><span style=\"color:#009FE3; font-size: 16px\">\u00bb Essenziale di Sostenibilit\u00e0<\/span><\/span><button class=\"bellows-subtoggle\" aria-label=\"Toggle Submenu\"><i class=\"bellows-subtoggle-icon-expand fa fa-chevron-down\"><\/i><i class=\"bellows-subtoggle-icon-collapse fa fa-chevron-up\"><\/i><\/button><\/a>\n<ul class=\"bellows-submenu\">\n\t<li id=\"menu-item-2853\" class=\"bellows-menu-item bellows-menu-item-type-custom bellows-menu-item-object-custom bellows-menu-item-2853 bellows-item-level-1\"><a  target=\"_blank\" href=\"https:\/\/www.planetariasrl.it\/wp-content\/uploads\/2026\/02\/Greenenergy-Essenziale-2024-web.pdf\" class=\"bellows-target\"><span class=\"bellows-target-title bellows-target-text\"><span style=\"color:#009FE3; font-size: 16px\">\u00bb Essenziale di Sostenibilit\u00e0 &#8211; 2024<\/span><\/span><\/a><\/li>\n<\/ul>\n<\/li>\n<li id=\"menu-item-2593\" class=\"bellows-menu-item bellows-menu-item-type-custom bellows-menu-item-object-custom bellows-menu-item-2593 bellows-item-level-0\"><a  target=\"_blank\" href=\"https:\/\/www.planetariasrl.it\/wp-content\/uploads\/2024\/06\/Planetaria-All.-2-Politica-Aziendale-rev.5-del-13.06.2024.pdf\" class=\"bellows-target\"><span class=\"bellows-target-title bellows-target-text\"><span style=\"color:#009FE3; font-size: 16px\">\u00bb Company Policy<\/span><\/span><\/a><\/li>\n<li id=\"menu-item-2688\" class=\"bellows-menu-item bellows-menu-item-type-custom bellows-menu-item-object-custom bellows-menu-item-2688 bellows-item-level-0\"><a  target=\"_blank\" href=\"https:\/\/www.planetariasrl.it\/wp-content\/uploads\/2023\/10\/Planetaria-Qualita-Ambiente-e-Sicurezza.pdf\" class=\"bellows-target\"><span class=\"bellows-target-title bellows-target-text\"><span style=\"color:#009FE3; font-size: 16px\">\u00bb Quality, Environment and Safety<\/span><\/span><\/a><\/li>\n<li id=\"menu-item-2595\" class=\"bellows-menu-item bellows-menu-item-type-custom bellows-menu-item-object-custom bellows-menu-item-2595 bellows-item-level-0\"><a  target=\"_blank\" href=\"https:\/\/www.planetariasrl.it\/wp-content\/uploads\/2023\/11\/Planetaria-Carta-Pari-Opportunita.pdf\" class=\"bellows-target\"><span class=\"bellows-target-title bellows-target-text\"><span style=\"color:#009FE3; font-size: 16px\">\u00bb Charter for Equal Opportunities<\/span><\/span><\/a><\/li>\n<\/ul><\/nav>\n\n\t\t<\/div>\n\t<\/div>\n<\/div><\/div><\/div><div class=\"wpb_column vc_column_inner vc_column_container vc_col-sm-5 typo-default\"><div class=\"vc_column-inner\"><div class=\"wpb_wrapper\"><\/div><\/div><\/div><\/div><\/div><div class=\"vc_empty_space\"   style=\"height: 30px\"><span class=\"vc_empty_space_inner\"><\/span><\/div><\/div><\/div><\/div><div class=\"wpb_column vc_main_column vc_column_container vc_col-sm-12 vc_col-lg-6 vc_col-md-6 typo-default\"><div class=\"vc_column-inner\"><div class=\"wpb_wrapper\">\n\t<div  class=\"wpb_single_image wpb_content_element vc_align_center wpb_content_element\">\n\t\t\n\t\t<figure class=\"wpb_wrapper vc_figure\">\n\t\t\t<div class=\"vc_single_image-wrapper   vc_box_border_grey\"><img decoding=\"async\" width=\"600\" height=\"600\" src=\"https:\/\/www.planetariasrl.it\/wp-content\/uploads\/2023\/11\/planetariasrl-mission.jpg\" class=\"vc_single_image-img attachment-full\" alt=\"\" title=\"planetariasrl-mission\" srcset=\"https:\/\/www.planetariasrl.it\/wp-content\/uploads\/2023\/11\/planetariasrl-mission.jpg 600w, https:\/\/www.planetariasrl.it\/wp-content\/uploads\/2023\/11\/planetariasrl-mission-300x300.jpg 300w, https:\/\/www.planetariasrl.it\/wp-content\/uploads\/2023\/11\/planetariasrl-mission-150x150.jpg 150w, https:\/\/www.planetariasrl.it\/wp-content\/uploads\/2023\/11\/planetariasrl-mission-12x12.jpg 12w, https:\/\/www.planetariasrl.it\/wp-content\/uploads\/2023\/11\/planetariasrl-mission-85x85.jpg 85w, https:\/\/www.planetariasrl.it\/wp-content\/uploads\/2023\/11\/planetariasrl-mission-500x500.jpg 500w, https:\/\/www.planetariasrl.it\/wp-content\/uploads\/2023\/11\/planetariasrl-mission-400x400.jpg 400w\" sizes=\"(max-width: 600px) 100vw, 600px\" \/><\/div>\n\t\t<\/figure>\n\t<\/div>\n<\/div><\/div><\/div><\/div><\/div><\/div><\/section>\t\r\n\r\n\r\n\t<section class=\"vc_row wpb_row vc_row-fluid vc_custom_1697799958943 vc_row-has-fill vc-zozo-section typo-default\"><div class=\"zozo-vc-main-row-inner vc-normal-section\"><div class=\"container\"><div class=\"row\"><div class=\"wpb_column vc_main_column vc_column_container vc_col-sm-12 typo-default\"><div class=\"vc_column-inner\"><div class=\"wpb_wrapper\"><div class=\"zozo-parallax-header\"><div class=\"parallax-header content-style-default\"><h2 class=\"parallax-title\">Our Numbers<\/h2><\/div><\/div><div class=\"vc_row wpb_row vc_inner vc_row-fluid\"><div class=\"zozo-vc-row-inner vc-inner-row-section clearfix\"><div class=\"wpb_column vc_column_inner vc_column_container vc_col-sm-6 vc_col-lg-3 vc_col-md-3 typo-default\"><div class=\"vc_column-inner\"><div class=\"wpb_wrapper\">\n\t<div  class=\"wpb_single_image wpb_content_element vc_align_center wpb_content_element vc_custom_1697799719641\">\n\t\t\n\t\t<figure class=\"wpb_wrapper vc_figure\">\n\t\t\t<a href=\"https:\/\/www.semalab.it\/ambiente\/\" target=\"_blank\" class=\"vc_single_image-wrapper   vc_box_border_grey\"><img decoding=\"async\" width=\"100\" height=\"100\" src=\"https:\/\/www.planetariasrl.it\/wp-content\/uploads\/2023\/10\/icona-riciclo.png\" class=\"vc_single_image-img attachment-full\" alt=\"\" title=\"icona-riciclo\" srcset=\"https:\/\/www.planetariasrl.it\/wp-content\/uploads\/2023\/10\/icona-riciclo.png 100w, https:\/\/www.planetariasrl.it\/wp-content\/uploads\/2023\/10\/icona-riciclo-12x12.png 12w, https:\/\/www.planetariasrl.it\/wp-content\/uploads\/2023\/10\/icona-riciclo-85x85.png 85w\" sizes=\"(max-width: 100px) 100vw, 100px\" \/><\/a>\n\t\t<\/figure>\n\t<\/div>\n<div id=\"zozo-counter-1\" class=\"zozo-counter-wrapper counter-default counter-icon-left\"><div class=\"counter-item zozo-counter\"><div class=\"counter-info\"><div class=\"zozo-count-number\" data-count=\"170778\"><h3 class=\"counter zozo-counter-count\">0<\/h3><\/div><div class=\"counter-title\"><\/div><\/div><\/div><\/div>\n\t<div class=\"wpb_text_column wpb_content_element\" >\n\t\t<div class=\"wpb_wrapper\">\n\t\t\t<h4 style=\"text-align: center;\">Tons<\/h4>\n\n\t\t<\/div>\n\t<\/div>\n\n\t<div class=\"wpb_text_column wpb_content_element\" >\n\t\t<div class=\"wpb_wrapper\">\n\t\t\t<p style=\"text-align: center;\">Anno 2024<\/p>\n<h5 style=\"text-align: center;\">Quantity of managed waste<\/h5>\n\n\t\t<\/div>\n\t<\/div>\n<\/div><\/div><\/div><div class=\"wpb_column vc_column_inner vc_column_container vc_col-sm-6 vc_col-lg-3 vc_col-md-3 typo-default\"><div class=\"vc_column-inner\"><div class=\"wpb_wrapper\">\n\t<div  class=\"wpb_single_image wpb_content_element vc_align_center wpb_content_element vc_custom_1701274725354\">\n\t\t\n\t\t<figure class=\"wpb_wrapper vc_figure\">\n\t\t\t<a href=\"https:\/\/www.semalab.it\/ambiente\/\" target=\"_blank\" class=\"vc_single_image-wrapper   vc_box_border_grey\"><img decoding=\"async\" width=\"100\" height=\"100\" src=\"https:\/\/www.planetariasrl.it\/wp-content\/uploads\/2023\/11\/icona-chilometri.png\" class=\"vc_single_image-img attachment-full\" alt=\"\" title=\"icona-chilometri\" srcset=\"https:\/\/www.planetariasrl.it\/wp-content\/uploads\/2023\/11\/icona-chilometri.png 100w, https:\/\/www.planetariasrl.it\/wp-content\/uploads\/2023\/11\/icona-chilometri-12x12.png 12w, https:\/\/www.planetariasrl.it\/wp-content\/uploads\/2023\/11\/icona-chilometri-85x85.png 85w\" sizes=\"(max-width: 100px) 100vw, 100px\" \/><\/a>\n\t\t<\/figure>\n\t<\/div>\n<div id=\"zozo-counter-2\" class=\"zozo-counter-wrapper counter-default counter-icon-left\"><div class=\"counter-item zozo-counter\"><div class=\"counter-info\"><div class=\"zozo-count-number\" data-count=\"789900\"><h3 class=\"counter zozo-counter-count\">0<\/h3><\/div><div class=\"counter-title\"><\/div><\/div><\/div><\/div>\n\t<div class=\"wpb_text_column wpb_content_element\" >\n\t\t<div class=\"wpb_wrapper\">\n\t\t\t<h4 style=\"text-align: center;\">Kilometers<\/h4>\n\n\t\t<\/div>\n\t<\/div>\n\n\t<div class=\"wpb_text_column wpb_content_element\" >\n\t\t<div class=\"wpb_wrapper\">\n\t\t\t<p style=\"text-align: center;\">Anno 2024<\/p>\n<h5 style=\"text-align: center;\">Km covered<\/h5>\n\n\t\t<\/div>\n\t<\/div>\n<\/div><\/div><\/div><div class=\"wpb_column vc_column_inner vc_column_container vc_col-sm-6 vc_col-lg-3 vc_col-md-3 typo-default\"><div class=\"vc_column-inner\"><div class=\"wpb_wrapper\">\n\t<div  class=\"wpb_single_image wpb_content_element vc_align_center wpb_content_element vc_custom_1698247715479\">\n\t\t\n\t\t<figure class=\"wpb_wrapper vc_figure\">\n\t\t\t<a href=\"https:\/\/www.semalab.it\/ambiente\/\" target=\"_blank\" class=\"vc_single_image-wrapper   vc_box_border_grey\"><img decoding=\"async\" width=\"100\" height=\"100\" src=\"https:\/\/www.planetariasrl.it\/wp-content\/uploads\/2023\/10\/icona-camion.png\" class=\"vc_single_image-img attachment-full\" alt=\"\" title=\"icona-camion\" srcset=\"https:\/\/www.planetariasrl.it\/wp-content\/uploads\/2023\/10\/icona-camion.png 100w, https:\/\/www.planetariasrl.it\/wp-content\/uploads\/2023\/10\/icona-camion-12x12.png 12w, https:\/\/www.planetariasrl.it\/wp-content\/uploads\/2023\/10\/icona-camion-85x85.png 85w\" sizes=\"(max-width: 100px) 100vw, 100px\" \/><\/a>\n\t\t<\/figure>\n\t<\/div>\n<div id=\"zozo-counter-3\" class=\"zozo-counter-wrapper counter-default counter-icon-left\"><div class=\"counter-item zozo-counter\"><div class=\"counter-info\"><div class=\"zozo-count-number\" data-count=\"55\"><h3 class=\"counter zozo-counter-count\">0<\/h3><\/div><div class=\"counter-title\"><\/div><\/div><\/div><\/div>\n\t<div class=\"wpb_text_column wpb_content_element\" >\n\t\t<div class=\"wpb_wrapper\">\n\t\t\t<h4 style=\"text-align: center;\">Size<\/h4>\n\n\t\t<\/div>\n\t<\/div>\n\n\t<div class=\"wpb_text_column wpb_content_element\" >\n\t\t<div class=\"wpb_wrapper\">\n\t\t\t<p style=\"text-align: center;\">Anno 2024<\/p>\n<h5 style=\"text-align: center;\">Fleet on the move<\/h5>\n\n\t\t<\/div>\n\t<\/div>\n<\/div><\/div><\/div><div class=\"wpb_column vc_column_inner vc_column_container vc_col-sm-6 vc_col-lg-3 vc_col-md-3 typo-default\"><div class=\"vc_column-inner\"><div class=\"wpb_wrapper\">\n\t<div  class=\"wpb_single_image wpb_content_element vc_align_center wpb_content_element vc_custom_1697799740785\">\n\t\t\n\t\t<figure class=\"wpb_wrapper vc_figure\">\n\t\t\t<a href=\"https:\/\/www.semalab.it\/ambiente\/\" target=\"_blank\" class=\"vc_single_image-wrapper   vc_box_border_grey\"><img decoding=\"async\" width=\"100\" height=\"100\" src=\"https:\/\/www.planetariasrl.it\/wp-content\/uploads\/2023\/10\/icona-dipendenti.png\" class=\"vc_single_image-img attachment-full\" alt=\"\" title=\"icona-dipendenti\" srcset=\"https:\/\/www.planetariasrl.it\/wp-content\/uploads\/2023\/10\/icona-dipendenti.png 100w, https:\/\/www.planetariasrl.it\/wp-content\/uploads\/2023\/10\/icona-dipendenti-12x12.png 12w, https:\/\/www.planetariasrl.it\/wp-content\/uploads\/2023\/10\/icona-dipendenti-85x85.png 85w\" sizes=\"(max-width: 100px) 100vw, 100px\" \/><\/a>\n\t\t<\/figure>\n\t<\/div>\n<div id=\"zozo-counter-4\" class=\"zozo-counter-wrapper counter-default counter-icon-left\"><div class=\"counter-item zozo-counter\"><div class=\"counter-info\"><div class=\"zozo-count-number\" data-count=\"142\"><h3 class=\"counter zozo-counter-count\">0<\/h3><\/div><div class=\"counter-title\"><\/div><\/div><\/div><\/div>\n\t<div class=\"wpb_text_column wpb_content_element\" >\n\t\t<div class=\"wpb_wrapper\">\n\t\t\t<h4 style=\"text-align: center;\">Employees<\/h4>\n\n\t\t<\/div>\n\t<\/div>\n\n\t<div class=\"wpb_text_column wpb_content_element\" >\n\t\t<div class=\"wpb_wrapper\">\n\t\t\t<p style=\"text-align: center;\">Media Anno 2024<\/p>\n<h5 style=\"text-align: center;\">No. of Employees<\/h5>\n\n\t\t<\/div>\n\t<\/div>\n<\/div><\/div><\/div><\/div><\/div><\/div><\/div><\/div><\/div><\/div><\/div><\/section>\n<\/div>","protected":false},"excerpt":{"rendered":"Planetaria s.r.l.Partiamo dal presupposto scientifico che l\u2019Ecosistema \u00e8 una comunit\u00e0 in cui degli organismi vivono in equilibrio con il proprio ambiente. Il sistema, dunque, \u00e8 per sua natura perfetto e operare nel campo dell\u2019ecologia, quindi, implica la necessit\u00e0 di non commettere errori. Noi professionisti di Planetaria, proponiamo un approccio ai servizi ecologici equilibrato e sostenibile, nel rispetto dell\u2019ambiente che ci...","protected":false},"author":1,"featured_media":0,"parent":2152,"menu_order":0,"comment_status":"closed","ping_status":"closed","template":"template-fullwidth.php","meta":{"_exactmetrics_skip_tracking":false,"_exactmetrics_sitenote_active":false,"_exactmetrics_sitenote_note":"","_exactmetrics_sitenote_category":0,"footnotes":""},"class_list":["post-2258","page","type-page","status-publish","hentry"],"yoast_head":"<!-- This site is optimized with the Yoast SEO plugin v27.0 - https:\/\/yoast.com\/product\/yoast-seo-wordpress\/ -->\n<title>Mission - Planetaria s.r.l.<\/title>\n<meta name=\"description\" content=\"Partiamo dal presupposto scientifico che l\u2019Ecosistema \u00e8 una comunit\u00e0 in cui degli organismi vivono in equilibrio con il proprio ambiente.\" \/>\n<meta name=\"robots\" content=\"index, follow, max-snippet:-1, max-image-preview:large, max-video-preview:-1\" \/>\n<link rel=\"canonical\" href=\"https:\/\/www.planetariasrl.it\/eng\/lazienda\/mission\/\" \/>\n<meta property=\"og:locale\" content=\"en_GB\" \/>\n<meta property=\"og:type\" content=\"article\" \/>\n<meta property=\"og:title\" content=\"Mission - Planetaria s.r.l.\" \/>\n<meta property=\"og:description\" content=\"Partiamo dal presupposto scientifico che l\u2019Ecosistema \u00e8 una comunit\u00e0 in cui degli organismi vivono in equilibrio con il proprio ambiente.\" \/>\n<meta property=\"og:url\" content=\"https:\/\/www.planetariasrl.it\/eng\/lazienda\/mission\/\" \/>\n<meta property=\"og:site_name\" content=\"Planetaria s.r.l.\" \/>\n<meta property=\"article:modified_time\" content=\"2025-02-20T13:45:23+00:00\" \/>\n<meta name=\"twitter:card\" content=\"summary_large_image\" \/>\n<meta name=\"twitter:label1\" content=\"Estimated reading time\" \/>\n\t<meta name=\"twitter:data1\" content=\"2 minutes\" \/>\n<script type=\"application\/ld+json\" class=\"yoast-schema-graph\">{\"@context\":\"https:\/\/schema.org\",\"@graph\":[{\"@type\":\"WebPage\",\"@id\":\"https:\/\/www.planetariasrl.it\/lazienda\/mission\/\",\"url\":\"https:\/\/www.planetariasrl.it\/lazienda\/mission\/\",\"name\":\"Mission - Planetaria s.r.l.\",\"isPartOf\":{\"@id\":\"https:\/\/www.planetariasrl.it\/#website\"},\"datePublished\":\"2023-04-06T12:08:08+00:00\",\"dateModified\":\"2025-02-20T13:45:23+00:00\",\"description\":\"Partiamo dal presupposto scientifico che l\u2019Ecosistema \u00e8 una comunit\u00e0 in cui degli organismi vivono in equilibrio con il proprio ambiente.\",\"breadcrumb\":{\"@id\":\"https:\/\/www.planetariasrl.it\/lazienda\/mission\/#breadcrumb\"},\"inLanguage\":\"en-GB\",\"potentialAction\":[{\"@type\":\"ReadAction\",\"target\":[\"https:\/\/www.planetariasrl.it\/lazienda\/mission\/\"]}]},{\"@type\":\"BreadcrumbList\",\"@id\":\"https:\/\/www.planetariasrl.it\/lazienda\/mission\/#breadcrumb\",\"itemListElement\":[{\"@type\":\"ListItem\",\"position\":1,\"name\":\"Home\",\"item\":\"https:\/\/www.planetariasrl.it\/\"},{\"@type\":\"ListItem\",\"position\":2,\"name\":\"L&#8217;Azienda\",\"item\":\"https:\/\/www.planetariasrl.it\/lazienda\/\"},{\"@type\":\"ListItem\",\"position\":3,\"name\":\"Mission\"}]},{\"@type\":\"WebSite\",\"@id\":\"https:\/\/www.planetariasrl.it\/#website\",\"url\":\"https:\/\/www.planetariasrl.it\/\",\"name\":\"Planetaria s.r.l.\",\"description\":\"Innovazioni Ambientali\",\"publisher\":{\"@id\":\"https:\/\/www.planetariasrl.it\/#organization\"},\"potentialAction\":[{\"@type\":\"SearchAction\",\"target\":{\"@type\":\"EntryPoint\",\"urlTemplate\":\"https:\/\/www.planetariasrl.it\/?s={search_term_string}\"},\"query-input\":{\"@type\":\"PropertyValueSpecification\",\"valueRequired\":true,\"valueName\":\"search_term_string\"}}],\"inLanguage\":\"en-GB\"},{\"@type\":\"Organization\",\"@id\":\"https:\/\/www.planetariasrl.it\/#organization\",\"name\":\"Planetaria s.r.l.\",\"url\":\"https:\/\/www.planetariasrl.it\/\",\"logo\":{\"@type\":\"ImageObject\",\"inLanguage\":\"en-GB\",\"@id\":\"https:\/\/www.planetariasrl.it\/#\/schema\/logo\/image\/\",\"url\":\"https:\/\/www.planetariasrl.it\/wp-content\/uploads\/2023\/03\/logo-planetaria.png\",\"contentUrl\":\"https:\/\/www.planetariasrl.it\/wp-content\/uploads\/2023\/03\/logo-planetaria.png\",\"width\":600,\"height\":230,\"caption\":\"Planetaria s.r.l.\"},\"image\":{\"@id\":\"https:\/\/www.planetariasrl.it\/#\/schema\/logo\/image\/\"}}]}<\/script>\n<!-- \/ Yoast SEO plugin. -->","yoast_head_json":{"title":"Mission - Planetaria s.r.l.","description":"Partiamo dal presupposto scientifico che l\u2019Ecosistema \u00e8 una comunit\u00e0 in cui degli organismi vivono in equilibrio con il proprio ambiente.","robots":{"index":"index","follow":"follow","max-snippet":"max-snippet:-1","max-image-preview":"max-image-preview:large","max-video-preview":"max-video-preview:-1"},"canonical":"https:\/\/www.planetariasrl.it\/eng\/lazienda\/mission\/","og_locale":"en_GB","og_type":"article","og_title":"Mission - Planetaria s.r.l.","og_description":"Partiamo dal presupposto scientifico che l\u2019Ecosistema \u00e8 una comunit\u00e0 in cui degli organismi vivono in equilibrio con il proprio ambiente.","og_url":"https:\/\/www.planetariasrl.it\/eng\/lazienda\/mission\/","og_site_name":"Planetaria s.r.l.","article_modified_time":"2025-02-20T13:45:23+00:00","twitter_card":"summary_large_image","twitter_misc":{"Estimated reading time":"2 minutes"},"schema":{"@context":"https:\/\/schema.org","@graph":[{"@type":"WebPage","@id":"https:\/\/www.planetariasrl.it\/lazienda\/mission\/","url":"https:\/\/www.planetariasrl.it\/lazienda\/mission\/","name":"Mission - Planetaria s.r.l.","isPartOf":{"@id":"https:\/\/www.planetariasrl.it\/#website"},"datePublished":"2023-04-06T12:08:08+00:00","dateModified":"2025-02-20T13:45:23+00:00","description":"Partiamo dal presupposto scientifico che l\u2019Ecosistema \u00e8 una comunit\u00e0 in cui degli organismi vivono in equilibrio con il proprio ambiente.","breadcrumb":{"@id":"https:\/\/www.planetariasrl.it\/lazienda\/mission\/#breadcrumb"},"inLanguage":"en-GB","potentialAction":[{"@type":"ReadAction","target":["https:\/\/www.planetariasrl.it\/lazienda\/mission\/"]}]},{"@type":"BreadcrumbList","@id":"https:\/\/www.planetariasrl.it\/lazienda\/mission\/#breadcrumb","itemListElement":[{"@type":"ListItem","position":1,"name":"Home","item":"https:\/\/www.planetariasrl.it\/"},{"@type":"ListItem","position":2,"name":"L&#8217;Azienda","item":"https:\/\/www.planetariasrl.it\/lazienda\/"},{"@type":"ListItem","position":3,"name":"Mission"}]},{"@type":"WebSite","@id":"https:\/\/www.planetariasrl.it\/#website","url":"https:\/\/www.planetariasrl.it\/","name":"Planetaria s.r.l.","description":"Innovazioni Ambientali","publisher":{"@id":"https:\/\/www.planetariasrl.it\/#organization"},"potentialAction":[{"@type":"SearchAction","target":{"@type":"EntryPoint","urlTemplate":"https:\/\/www.planetariasrl.it\/?s={search_term_string}"},"query-input":{"@type":"PropertyValueSpecification","valueRequired":true,"valueName":"search_term_string"}}],"inLanguage":"en-GB"},{"@type":"Organization","@id":"https:\/\/www.planetariasrl.it\/#organization","name":"Planetaria s.r.l.","url":"https:\/\/www.planetariasrl.it\/","logo":{"@type":"ImageObject","inLanguage":"en-GB","@id":"https:\/\/www.planetariasrl.it\/#\/schema\/logo\/image\/","url":"https:\/\/www.planetariasrl.it\/wp-content\/uploads\/2023\/03\/logo-planetaria.png","contentUrl":"https:\/\/www.planetariasrl.it\/wp-content\/uploads\/2023\/03\/logo-planetaria.png","width":600,"height":230,"caption":"Planetaria s.r.l."},"image":{"@id":"https:\/\/www.planetariasrl.it\/#\/schema\/logo\/image\/"}}]}},"_links":{"self":[{"href":"https:\/\/www.planetariasrl.it\/eng\/wp-json\/wp\/v2\/pages\/2258","targetHints":{"allow":["GET"]}}],"collection":[{"href":"https:\/\/www.planetariasrl.it\/eng\/wp-json\/wp\/v2\/pages"}],"about":[{"href":"https:\/\/www.planetariasrl.it\/eng\/wp-json\/wp\/v2\/types\/page"}],"author":[{"embeddable":true,"href":"https:\/\/www.planetariasrl.it\/eng\/wp-json\/wp\/v2\/users\/1"}],"replies":[{"embeddable":true,"href":"https:\/\/www.planetariasrl.it\/eng\/wp-json\/wp\/v2\/comments?post=2258"}],"version-history":[{"count":34,"href":"https:\/\/www.planetariasrl.it\/eng\/wp-json\/wp\/v2\/pages\/2258\/revisions"}],"predecessor-version":[{"id":2836,"href":"https:\/\/www.planetariasrl.it\/eng\/wp-json\/wp\/v2\/pages\/2258\/revisions\/2836"}],"up":[{"embeddable":true,"href":"https:\/\/www.planetariasrl.it\/eng\/wp-json\/wp\/v2\/pages\/2152"}],"wp:attachment":[{"href":"https:\/\/www.planetariasrl.it\/eng\/wp-json\/wp\/v2\/media?parent=2258"}],"curies":[{"name":"wp","href":"https:\/\/api.w.org\/{rel}","templated":true}]}}